015)/(-45). Let m = u + s. List the prime factors of m.
31
Let r(z) = z - 9. Let k be r(8). Let a = -1 - k. Suppose -4*m + 72 = -a. What are the prime factors of m?
2, 3
Let b(o) = o**3 + 13*o**2 - 12*o + 33. Let j be b(-14). Suppose 4*q = j*z - 160, 3*z - q - 103 = -0*z. What are the prime factors of z?
2, 3
Let i(j) = -3*j - 6. Let c be i(-3). Suppose -5*h + 310 = -z, c*z + 90 + 158 = 4*h. List the prime factors of h.
2, 31
List the prime factors of -3 + (-4 + 216 - 6).
7, 29
Suppose 14*b - 12*b + 16 = 0. Let j = 71 + b. List the prime factors of j.
3, 7
Suppose -3*i - 243*b + 4681 = -238*b, 4*i - 6288 = 5*b. List the prime factors of i.
1567
Let d(r) = 2*r**3 + r + 2 - r**3 - 11*r**2 + 15*r**2. Let z be d(-3). Let n = z - 3. What are the prime factors of n?
5
Let i(n) be the third derivative of -n**5/60 - 7*n**4/24 - n**3/6 + 2*n**2. What are the prime factors of i(-6)?
5
Let v(x) = 1950*x - 11. What are the prime factors of v(1)?
7, 277
Suppose 11*v + 3 = 14. What are the prime factors of -3 - (v - 157)/1?
3, 17
What are the prime factors of -1402*(-1 - (18/4 - 5))?
701
Let i = -90 - 21. Let l = -95 - i. List the prime factors of l.
2
Let p be 28/(-12) + (-3)/(-9). Let q(h) = -37*h - 2. Let v be q(p). Suppose -4*w + 3 = m - 0*m, -4*m - 4*w + v = 0. List the prime factors of m.
23
Let h(f) = 21*f**2 + 4*f + 3. Let d be h(-1). Suppose -2*k - 3*k = -10, -b - 4*k = -d. List the prime factors of b.
2, 3
List the prime factors of 350/(-30)*(-1647)/5.
3, 7, 61
Let y = 33 + -38. Let s be y/(20/(-12))*7. What are the prime factors of (56/s)/((-6)/(-9))?
2
Let w = -523 - -788. What are the prime factors of w?
5, 53
Suppose 0 = -13*v + 4073 + 8667. List the prime factors of v.
2, 5, 7
Let i(z) = z**2 + 6*z + 5. Let q be i(-7). Suppose q = 3*w - 72. Suppose w + 10 = p. List the prime factors of p.
2, 19
Let y = -448 + 622. List the prime factors of y.
2, 3, 29
Let q(u) = 15*u**3 - 79*u**2 - 15*u + 26. What are the prime factors of q(9)?
19, 233
Let y(p) be the first derivative of p**3/3 + p**2/2 + 51*p + 13. List the prime factors of y(0).
3, 17
Suppose -5*d + 11 = 1. Suppose 4*f - d*f = 102. List the prime factors of f.
3, 17
Let j(r) = -r**2 + 20*r + 5. Let u(x) = 4*x**2 - 5*x + 4. Let t be u(2). List the prime factors of j(t).
3, 5, 7
Suppose 1291 = 2*x - 1637. What are the prime factors of x?
2, 3, 61
What are the prime factors of ((-5)/(-3) + 270/(-81))*-837?
3, 5, 31
Let z(w) = w**2 - 13*w - 11. Let o be z(14). Suppose -2*g - 547 = -o*i, -3*i = g - 854 + 304. What are the prime factors of i?
3, 61
Let i(c) = -42*c**2 + 2*c + 2. Let b be i(-2). Let m = b + 99. Let d = -18 - m. What are the prime factors of d?
53
Suppose -4*y - 5*m + 16363 = 0, 20429 = 5*y + 4*m - 6*m. List the prime factors of y.
61, 67
Suppose -5 = -0*l - l - 2*d, 3*d - 5 = -l. Suppose -l*b = -3*k + 154, -2*b + 119 = 2*k + k. What are the prime factors of k?
43
Suppose -2*i = x - 927, -4*i + 1383 = -i + 3*x. List the prime factors of i.
2, 233
Let f(q) = q**2 - 6*q - 2. Let p be f(5). Let g = -1 - p. Suppose -g*j = -2*j - 192. What are the prime factors of j?
2, 3
Let n(c) = -7*c**3 - 4*c**2 - 3*c + 3. Let k = 13 + -8. Let j be n(k). What are the prime factors of j/(-91) + (-2)/(-13)?
11
Suppose 7*r - 12*r + 80 = 0. Let h = r + 2. What are the prime factors of h?
2, 3
Let v = -54 - -58. Suppose 4*d - t - 300 = -0*t, -v = t. List the prime factors of d.
2, 37
Let i(v) = -v**2 - 16*v + 1. Let k be i(-16). What are the prime factors of 15*(-4)/k*(-15)/18?
2, 5
Let s = -506 - -838. What are the prime factors of s?
2, 83
Let f = 1188 + -247. What are the prime factors of f?
941
Let o(k) = k**3 + 9*k**2 + 3*k + 15. Suppose 43 = -3*l - 4*a + 15, -5*a = -3*l - 19. List the prime factors of o(l).
5, 11
Let k be (90/25)/((-3)/(-10)). Suppose -l + 2 = n - 0*l, 4*l = -5*n + k. What are the prime factors of (-2)/n + (-110)/(-4)?
3
Let m(n) = 762*n + 27. What are the prime factors of m(1)?
3, 263
Let i(o) be the first derivative of -o**2/2 + 11*o - 1. Let c(x) = x - 7. Let a be c(14). What are the prime factors of i(a)?
2
Let l(p) = p**2 - 34*p - 202. What are the prime factors of l(-29)?
5, 13
Suppose 261 + 289 = 5*l. Let z = l + -67. Suppose -i = -5*s - z, -4*i + 42 = -2*i + s. What are the prime factors of i?
23
Let v be (-4 + 3)*2 - -43. Let l = 28 - v. Let o = 21 + l. List the prime factors of o.
2
Let k(f) = -8*f**3 - 4*f**2 + 2*f - 11. What are the prime factors of k(-4)?
3, 11, 13
Suppose 0 = h - 3*k + 5, 4*h = -h + k + 31. Suppose 0 = -2*c + h + 29. What are the prime factors of c?
2, 3
Let o(x) = 11*x**2 + 8*x + 8. Let s be 16/10*15/(-6). List the prime factors of o(s).
2, 19
Suppose -4*c - 25 = 2*d + c, -5*d + 2*c = -10. Suppose d = z - q, -2*z + 23 - 3 = 3*q. List the prime factors of z.
2
Let q(p) = 3*p**2 + 1. Let x be q(1). Suppose 30 = x*m - 22. List the prime factors of m.
13
Let q(h) = -3 - 3*h - 1 + 2. Suppose 5*o - 4*x = -10, -o - 2 + 0 = -x. List the prime factors of q(o).
2
Let y = 16 + -7. Let c(w) = w**2 - y*w - 2*w + 15 - 5. List the prime factors of c(11).
2, 5
Suppose -3*d = -0*z + 4*z - 20, -z = -5*d + 18. Suppose 4*u - 138 = -z*u. What are the prime factors of u?
23
Suppose -1101 = -9*x + 7737. List the prime factors of -3*(10/75 + x/(-15)).
2, 7
Let b = 78 - 20. Let j = -35 + b. Suppose -78 + j = -5*n. List the prime factors of n.
11
Let w(b) = -b**3 + 9*b**2 - 12*b + 2. Suppose 5*j - 10 = -5*a, 26 = 5*a - 4*j - 20. List the prime factors of w(a).
2, 19
Let b(q) = q - 4. Let s be b(0). List the prime factors of (-194)/s - 2/4*-1.
7
Let k = 4274 + -2443. What are the prime factors of k?
1831
Let b(m) = -m**3 - 5*m**2 - 9*m - 3. Let f be b(-5). Let r be 24/f*(-14)/(-4). Suppose 0 = k - r - 38. List the prime factors of k.
2, 5
Let l(u) be the third derivative of u**5/30 + 7*u**4/8 + 26*u**3/3 + 32*u**2. List the prime factors of l(-16).
2, 3, 19
Suppose 334 = 5*z - 1296. What are the prime factors of z?
2, 163
Let k = -1396 + 1796. List the prime factors of k.
2, 5
Suppose 5*g + 805 = -0*g. Let u = -249 - g. Let j = u - -150. List the prime factors of j.
2, 31
Let q(y) = -y**3 - 7*y**2 - 5*y + 7. Let p be q(-6). Let l be (2 - 3)*p + 3. Suppose 3*z - 180 = -l*z. List the prime factors of z.
2, 3
Suppose 118 = 3*m + 28. Let z = 90 + -33. Let i = z - m. List the prime factors of i.
3
Suppose v = 5*o + 120, -v - o = o - 99. Suppose 5*q - 25 = 20. Suppose -4*x - v = -q*x. What are the prime factors of x?
3, 7
Let g(u) = 25*u - 18. Let h(c) = -1. Let z(n) = g(n) - 3*h(n). List the prime factors of z(5).
2, 5, 11
Suppose 111*f = 20*f + 215306. What are the prime factors of f?
2, 7, 13
Suppose -2*p - 4*w = 3*p - 1914, -4*p + 1540 = w. Suppose -9*g = -7*g - p. What are the prime factors of g?
193
Let p be (-1)/(-2) + (-38)/(-4) + -4. Suppose p*a - 2*a = 296. List the prime factors of a.
2, 37
Let q = 30 - 18. Suppose 17 = t + q. Suppose -3*a + 66 = -t*s, -3*a = -a - s - 37. List the prime factors of a.
17
Suppose 5*m - 2*d - 1 = 24, 4 = -2*m - 2*d. Suppose 2*f - 51 = 5*h - 0, -m*f = -4*h - 94. What are the prime factors of f?
2, 19
Suppose -3*q = -4*w - 8*q + 737, q + 548 = 3*w. List the prime factors of w.
3, 61
Let p = 678 + -552. List the prime factors of p.
2, 3, 7
Let p(d) = -1305*d + 45. What are the prime factors of p(-2)?
3, 5, 59
Let z = -247 - -544. List the prime factors of z.
3, 11
List the prime factors of -1*(178245/(-35) + (-16)/56).
11, 463
Let u(c) = c + 21. Let m be u(-17). Suppose f = -4*p + 2*p + 283, 578 = m*p - 2*f. List the prime factors of p.
11, 13
Let g(a) be the third derivative of -a**6/60 - a**5/10 - a**4/24 - a**3/6 - a**2. Let s be g(-4). What are the prime factors of (-2 + s)/3 - 1?
2, 5
Suppose 14*b - 910 = 19*b. List the prime factors of (1 - 2)*(b - (-6)/6).
181
Let d(o) = -5*o**3 + 2*o**2 + 6*o + 3. What are the prime factors of d(-8)?
3, 881
Suppose -5*w = -356 - 504. Let q = w + -126. What are the prime factors of q?
2, 23
Suppose -5*g = 6*s - 4*s - 7475, -3*g = -5*s - 4485. List the prime factors of g.
5, 13, 23
Suppose -2*s + 3*y = 2*y - 8, -2*s + 2*y = -12. Let q(g) = -g**3 - 4*g**s - 8 - 3*g + g**2 - 3*g**2. What are the prime factors of q(-6)?
2, 5
Suppose -3*d - 2*j = 138, -56 = d + 4*j - 0*j. What are the prime factors of (-